f 7076592 and 108.
108
Calculate the greatest common factor of 4914 and 4063410.
234
What is the greatest common factor of 2219819819 and 6041?
6041
Calculate the highest common factor of 162705 and 1740.
15
Calculate the greatest common divisor of 90 and 545570.
10
Calculate the highest common factor of 44 and 2868194.
2
What is the highest common divisor of 3645356 and 541684?
572
What is the greatest common factor of 212 and 1457362?
2
What is the greatest common divisor of 582269 and 42513?
37
Calculate the highest common factor of 139001967 and 702.
351
Calculate the highest common divisor of 1380 and 22182.
6
Calculate the greatest common divisor of 20694393 and 55677.
831
What is the highest common factor of 12272 and 6555195?
59
What is the highest common divisor of 8 and 428600168?
8
Calculate the greatest common factor of 350625 and 5814.
51
Calculate the highest common divisor of 11214 and 42169932.
126
What is the highest common factor of 8 and 188797768?
8
What is the highest common divisor of 129081 and 19255848?
7593
Calculate the highest common divisor of 55 and 13943120.
5
Calculate the greatest common divisor of 1995 and 9440130.
105
Calculate the highest common factor of 20203 and 384124.
89
Calculate the greatest common divisor of 195 and 448325943.
39
What is the highest common factor of 50240 and 12080365?
785
What is the highest common factor of 13703 and 226277?
71
Calculate the greatest common factor of 365654097 and 15219.
801
Calculate the greatest common divisor of 44891 and 100115092.
4081
What is the highest common divisor of 244296 and 21241688?
3016
Calculate the highest common factor of 5148 and 48286953.
1287
What is the highest common factor of 2367900 and 378?
54
What is the highest common divisor of 114464424 and 492?
12
Calculate the greatest common factor of 70013 and 714864.
53
Calculate the highest common factor of 46305637 and 833.
833
What is the highest common divisor of 10656 and 15136704?
288
Calculate the highest common divisor of 567924117 and 2071.
2071
Calculate the highest common divisor of 17842 and 10561653.
811
What is the highest common factor of 910416 and 16224?
624
What is the greatest common factor of 30 and 43564680?
30
What is the greatest common divisor of 68310 and 712770?
690
What is the greatest common factor of 105558361 and 178?
89
Calculate the greatest common divisor of 6 and 14437446.
6
Calculate the highest common factor of 11571 and 22053717.
609
What is the greatest common divisor of 81223156 and 84?
28
Calculate the highest common factor of 94886075 and 45.
5
Calculate the highest common divisor of 270 and 4176236880.
270
What is the highest common factor of 13357 and 364249?
361
What is the highest common divisor of 65132 and 1031548?
76
What is the highest common factor of 31410 and 24690354?
2094
What is the highest common divisor of 9845 and 7679995?
895
Calculate the highest common divisor of 297387 and 18.
9
Calculate the highest common divisor of 8565 and 755527215.
8565
What is the highest common factor of 847024800 and 318?
318
What is the highest common divisor of 178391 and 6847?
41
Calculate the greatest common divisor of 42195 and 33368.
97
What is the greatest common divisor of 1512 and 133140?
84
Calculate the greatest common divisor of 8065564 and 15653.
1423
What is the highest common factor of 208348328 and 14704?
7352
Calculate the greatest common factor of 386854599 and 277.
277
What is the highest common divisor of 34570 and 2077657?
3457
Calculate the highest common factor of 487124034 and 82.
82
Calculate the greatest common factor of 80 and 10319024.
16
What is the greatest common divisor of 214130520 and 405?
135
What is the greatest common factor of 15979639 and 65?
13
What is the highest common divisor of 53 and 6120546?
53
Calculate the greatest common factor of 1822578 and 16260654.
10182
Calculate the greatest common factor of 3980368 and 80.
16
What is the greatest common divisor of 57599855 and 5?
5
What is the highest common factor of 8835750 and 30510?
270
Calculate the highest common divisor of 5211 and 306682983.
5211
Calculate the greatest common factor of 828782 and 47042.
86
Calculate the greatest common divisor of 1217748 and 2742726.
5586
What is the greatest common divisor of 722976 and 72624?
816
Calculate the greatest common factor of 922906 and 18197668.
5662
Calculate the greatest common factor of 202945 and 24235.
185
What is the greatest common factor of 4450 and 28570780?
890
What is the greatest common divisor of 42285638 and 4?
2
Calculate the highest common factor of 8519 and 217728.
7
What is the greatest common divisor of 288 and 18788384?
32
Calculate the greatest common divisor of 25381223 and 1591.
1591
What is the highest common divisor of 1711692 and 141426?
1458
What is the highest common factor of 10444 and 21441?
7
What is the greatest common factor of 470538446 and 28?
14
What is the highest common divisor of 192528 and 35908?
764
What is the highest common factor of 75 and 8730825?
75
Calculate the greatest common divisor of 180 and 138392190.
90
What is the highest common factor of 653441540 and 152?
76
Calculate the highest common divisor of 256267 and 1375.
11
What is the highest common divisor of 3302730 and 225?
45
What is the highest common divisor of 55516 and 94312?
4
Calculate the highest common divisor of 3604 and 62783788.
68
What is the highest common divisor of 80 and 1227980?
20
Calculate the greatest common divisor of 193173 and 5529.
57
Calculate the greatest common factor of 27 and 2747745.
9
What is the greatest common factor of 192906563 and 139?
139
What is the highest common divisor of 46588626 and 756?
126
Calculate the highest common factor of 60810560 and 33770.
3070
What is the highest common factor of 2536135896 and 336?
168
Calculate the highest common divisor of 124758 and 269352.
522
Calculate the highest common factor of 141917679 and 9.
9
What is the greatest common factor of 341425 and 325?
25
Calculate the greatest common divisor of 110679 and 1013886.
237
Calculate the greatest common factor of 3824 and 30160.
16
Calculate the highest common divisor of 9093231 and 8288.
259
What is the highest common factor of 43208307 and 27?
9
Calculate the highest common divisor of 15120 and 2704100.
140
What is the highest common factor of 336 and 792488?
8
Calculate the greatest common divisor of 19543707 and 1113807.
8013
What is the greatest common factor of 85000 and 387872?
136
What is the highest common divisor of 380 and 42187460?
20
What is the greatest common factor of 94080 and 34946310?
1470
What is the greatest common factor of 58967500 and 206?
206
What is the highest common factor of 176 and 1002397?
11
What is the highest common divisor of 1590983440 and 32?
16
Calculate the highest common divisor of 1059 and 309.
3
What is the highest common factor of 9975353 and 4761?
529
Calculate the greatest common factor of 515867387 and 3934.
1967
What is the highest common factor of 8033402 and 5642?
806
Calculate the greatest common divisor of 4951674 and 156.
78
Calculate the greatest common factor of 29703 and 459.
3
What is the greatest common divisor of 1392147485 and 515?
515
What is the highest common factor of 64821 and 38194206?
2091
Calculate the highest common factor of 45096702 and 3333.
303
What is the greatest common factor of 9205274 and 5816?
1454
What is the greatest common factor of 34880 and 2848960?
320
What is the highest common factor of 116 and 822192572?
116
What is the greatest common divisor of 96635 and 336105?
385
What is the highest common divisor of 3160 and 3486270?
790
What is the highest common factor of 15319269 and 153300?
1533
Calculate the greatest common divisor of 13401 and 5667134.
1489
Calculate the highest common factor of 272314538 and 820.
82
Calculate the highest common divisor of 5610769 and 129.
43
Calculate the highest common divisor of 1992357 and 5282889.
2733
Calculate the highest common divisor of 15851728 and 656.
16
Calculate the greatest common factor of 753525517 and 69.
23
What is the greatest common factor of 2 and 2579798?
2
Calculate the highest common factor of 10 and 50779660.
10
What is the highest common factor of